 + r. What is the highest common divisor of c and 24?
6
Let x(n) = -n**3 + 14*n**2 + 23*n + 6. Let i be x(14). Let p = i + 77. Calculate the greatest common divisor of 45 and p.
45
Let f be 321 - ((-6)/(-39) + (-96)/(-52)). Let r = -327 + 356. What is the greatest common divisor of r and f?
29
Let p be (-3)/(-6) - (-9)/6. Suppose p*j - 8 = -2. Suppose 144 - 129 = 5*b. What is the highest common factor of j and b?
3
Let c = 29 - 26. Suppose -5*u + 730 = -9*y + 4*y, -u + 150 = -c*y. What is the greatest common divisor of 16 and u?
16
Suppose -4*y = 3*t + 11, t - 23 = 3*y - 5. Let i(h) = -6*h**2 - 3*h - 5. Let v be i(y). Let r = -125 - v. What is the greatest common divisor of r and 75?
15
Let h(g) = 134 - 115 + 3*g + 0*g. Let q be h(18). Calculate the greatest common divisor of q and 511.
73
Let s = 3063 - 2267. What is the greatest common divisor of s and 4?
4
Let w be (-14)/(-35) - 309/(-15). Suppose -j - 39 = -3*q - 2*j, -2*q + 2*j = -34. What is the highest common factor of q and w?
7
Let a = -13 + 14. Let m = -119 - -133. Suppose 0 = 2*q - 2*p + 2 - m, 0 = 5*q + p - 36. Calculate the greatest common factor of a and q.
1
Suppose -24*r + 69*r = 20340. Calculate the greatest common factor of r and 108.
4
Let y(u) = 131*u + 4. Let t be y(2). Let x = 775 + -699. Calculate the greatest common factor of x and t.
38
Let l be (-4)/(-15)*(15 - 12)*(5 + 95). What is the greatest common factor of l and 15?
5
Let h(d) = -1 + 17 + 11 - 3*d + 22. Let a be h(6). Calculate the highest common factor of 155 and a.
31
Let w(t) be the second derivative of t**5/10 - 5*t**4/6 + 13*t**3/6 + 84*t. Let o be w(6). Calculate the greatest common factor of 30 and o.
30
Let q be 172 - 7 - (-4 - -1). Suppose 278 = 3*j - 2*t, 13*j - 2198 = -10*j + 2*t. What is the greatest common divisor of q and j?
24
Let v = -10 + 10. Let m be (2 + v)*385/10. Let t be 5/((-165)/6) - (-738)/66. Calculate the highest common divisor of m and t.
11
Suppose -n - x + 69 = n, 4*n - 5*x - 159 = 0. Let o be (n/10)/(54/720). What is the greatest common factor of 228 and o?
12
Suppose 5*f + m - 57923 = 0, -16*m + 18 = -10*m. Calculate the highest common divisor of f and 256.
64
Suppose 184 + 26 = 3*r. Suppose -3*d - 37 = -r. What is the greatest common factor of 891 and d?
11
Let l = 206 - 209. Let f be l*3/9*-117. Calculate the highest common divisor of 9 and f.
9
Suppose 264*m - 266*m = -290. Suppose 2*s + 3*s = 5*l - m, -l = 2*s - 41. What is the greatest common factor of 44 and l?
11
Suppose 455 = -5*m + 2770. Calculate the highest common divisor of m and 4.
1
Let f = 130 + -16. Suppose 875 - 305 = 2*k. Calculate the greatest common divisor of f and k.
57
Let u be ((-5)/((-100)/270) + -10)/((-2)/(-276)). What is the highest common divisor of u and 138?
69
Suppose 4*a + 4*b = 500, 0 = 5*a - 5*b + 2*b - 641. Suppose 4*i = -189 - a. Let q = i - -169. Calculate the greatest common factor of q and 36.
18
Let n be ((-302)/6)/((-139)/417). What is the highest common factor of 6191 and n?
151
Let n be -2 + 5*(-30)/(-25). Let l(t) = 45*t - 11. Let x be l(n). What is the greatest common factor of 26 and x?
13
Let h = 25140 + -24985. Calculate the highest common factor of h and 527.
31
Let c be (-4*3/18)/((-2)/15). Let d be 3/(-1)*6/(-9). Suppose -c*y - 31 = -j - d, 19 = j - 3*y. Calculate the highest common factor of j and 6.
2
Let r = -138 - -120. Let l(o) = -11*o - 22. Let m be l(r). Calculate the greatest common factor of 16 and m.
16
Let y(p) = 14*p**3 - p + 1. Let v be y(1). Suppose 4 = -a + v. Suppose 23*x = -260541 + 263071. What is the highest common divisor of x and a?
10
Let y = 210 + -133. Suppose -d - 159 - 164 = 2*o, -2*o + d = 333. Let r = -153 - o. What is the highest common divisor of y and r?
11
Suppose -1 = 3*c - 4*c. Let t = 303 - 313. Let m be 1*-2*(84/(-8) - t). What is the greatest common factor of c and m?
1
Let v(y) = -y**2 - 7*y - 6. Suppose 2*b - 11 = 3*t, -7 = -t + 5*b - 2. Let u be v(t). Calculate the greatest common divisor of 36 and u.
4
Suppose -54*n - 8080 = -10888. What is the greatest common factor of 9698 and n?
26
Suppose -k = -5*i - 6376, 4*k + 1349 = -5*i + 26653. What is the greatest common divisor of 495 and k?
99
Let w = 35 + -3. Suppose 40559 = 277*i + 11751. Calculate the greatest common divisor of i and w.
8
Let u(v) = 20*v**2 + 41*v + 22. Let d be u(-2). Calculate the greatest common factor of 756 and d.
4
Suppose 0 = 5*o - q - 72, -24*o + 21*o - 3*q + 18 = 0. Suppose 0*m + 3*m - 1131 = 0. Calculate the greatest common divisor of m and o.
13
Let c = 28864 + -28704. What is the greatest common divisor of 1720 and c?
40
Let t = -480 + 371. Let o = -3 - t. Calculate the greatest common factor of 265 and o.
53
Suppose -5*z - 5 = 0, -87*z + 83*z = -2*p + 438. Calculate the greatest common divisor of 2139 and p.
31
Let m(q) = -q. Let t(d) = 4*d - 1. Let s(j) = -6*m(j) + t(j). Let k be s(3). Let o = -1077 - -1164. What is the greatest common factor of k and o?
29
Let p be 1033165/175 - 1/(-5). What is the highest common factor of 144 and p?
144
Suppose -2*z - 2*j = 72 - 346, 5*z - 2*j = 678. Suppose 2*i = 3*u + 6*i - 4, -4*i - 28 = -u. What is the highest common divisor of u and z?
8
Let f = 1162 - 916. Calculate the greatest common divisor of f and 1025.
41
Let s(p) = -3*p**2 + 0 + 2*p + 1 - 3 + 2*p + p**3. Suppose 50*u - 8 = 46*u. Let g be s(u). What is the highest common divisor of 6 and g?
2
Suppose 4*f + 5*o - 65 = -f, f - 3*o - 17 = 0. Suppose -74*h + 76*h - 3*a - 50 = 0, 2*a = 2*h - 40. What is the greatest common factor of f and h?
2
Let z(p) = -241*p - 503. Let u be z(-5). What is the highest common factor of 78 and u?
78
Let z be (-9 - 36/(-6)) + 7. Let p(d) = d**2 - 6*d - 4. Let b be p(7). Let r be -2*(-21)/2 + b. Calculate the greatest common divisor of r and z.
4
Let b(a) = 11*a + 102. Let o be b(-25). Let j = o - -219. Calculate the greatest common factor of j and 46.
46
Suppose 4*k - 468 = -2*z, k + 70 = -4*z + 208. Calculate the highest common divisor of 1464 and k.
6
Suppose 58*m - 22703 - 5500 = -5061. Suppose -2*w = -5*w + 63. Calculate the greatest common divisor of m and w.
21
Suppose 2*d - 2*l = -0*l + 146, 2 = l. Suppose 2*r - 4*v = 98, -d = 3*r + 5*v - 200. Calculate the highest common factor of 480 and r.
15
Let c(z) = z**3 + 13*z**2 - 17*z + 1. Let f be c(-14). Suppose 1090*a - 1077*a = 39. What is the greatest common factor of a and f?
1
Let r = -13879 - -14339. Let w(c) = -c**2 + 20. Let q be w(0). Calculate the highest common factor of q and r.
20
Suppose -10*n + 660 = 12*n. Let o = 156 - n. Calculate the highest common divisor of o and 90.
18
Let x be (-12 - -5)/((-4)/12). Calculate the greatest common factor of x and 66.
3
Suppose 0*d = -2*d + i - 190, 0 = 2*d - 3*i + 186. Let y be (1/(5/d))/((-813)/5420). Calculate the highest common divisor of y and 80.
16
Let m be -9 + 14 + 6 - 8. Let n be 233 + -14 + 13 + (m - 1). What is the highest common factor of 78 and n?
78
Let l(m) = m**3 + 18*m**2 + 29*m - 21. Let f be l(-16). Suppose -124 - 227 = -f*w. What is the greatest common divisor of w and 221?
13
Let d(y) = -2*y - 15. Let r be d(-12). Suppose 4*c - 245 = r*c. Let l be 140/c*(-14)/4. Calculate the greatest common factor of 10 and l.
10
Suppose -96642 = -88*y + 67*y. Calculate the greatest common divisor of y and 156.
78
Let g = 58 - 102. Let z = -29 - g. What is the highest common factor of z and 15?
15
Suppose -7*u = -66 - 683. Let o = -52 + u. Let q = -35 - -68. What is the greatest common factor of o and q?
11
Suppose 8*x + 5*r - 43 = 0, 14*r - 20 = -4*x + 10*r. Calculate the highest common divisor of 579 and x.
3
Suppose 934 = 5*v - 2*j, 5*j = 3*v + 3*j - 554. Calculate the highest common factor of v and 1470.
10
Suppose 22*i + 17*i = 9789. Let m = -223 + i. What is the highest common divisor of 133 and m?
7
Suppose 11928 - 3153 = 585*p. Let a(o) = 27*o**2 + 5*o - 3. Let m be a(3). Calculate the highest common divisor of p and m.
15
Let i be 118/2 + (-15)/45*42. Let h(m) = -m**3 + 2*m**2 - 2*m. Let q be h(2). Let z be (-3)/12 - 21/q. Calculate the greatest common factor of z and i.
5
Suppose -3*g = -2*g - 5*a + 5, -5*g + 4*a = -59. Let y = 99 - 39. Calculate the highest common factor of g and y.
15
Let v be ((-3)/6)/(7/(-201